{"id":100,"date":"2017-11-19T20:41:06","date_gmt":"2017-11-19T20:41:06","guid":{"rendered":"http:\/\/www.erzincanfatihasm.com\/?page_id=100"},"modified":"2017-11-26T12:02:14","modified_gmt":"2017-11-26T12:02:14","slug":"cocuk-izlem-ve-asi-uygulamasi","status":"publish","type":"page","link":"http:\/\/www.erzincanfatihasm.com\/?page_id=100","title":{"rendered":"Sa\u011fl\u0131k Raporu"},"content":{"rendered":"<p><a href=\"http:\/\/www.erzincanfatihasm.com\/wp-content\/uploads\/2017\/11\/saglik_raporu-1024x706-e1511697033259.jpg\"><img loading=\"lazy\" decoding=\"async\" class=\"alignnone wp-image-219\" src=\"http:\/\/www.erzincanfatihasm.com\/wp-content\/uploads\/2017\/11\/saglik_raporu-1024x706-e1511697033259.jpg\" alt=\"\" width=\"686\" height=\"351\" srcset=\"http:\/\/www.erzincanfatihasm.com\/wp-content\/uploads\/2017\/11\/saglik_raporu-1024x706-e1511697033259.jpg 1011w, http:\/\/www.erzincanfatihasm.com\/wp-content\/uploads\/2017\/11\/saglik_raporu-1024x706-e1511697033259-300x153.jpg 300w, http:\/\/www.erzincanfatihasm.com\/wp-content\/uploads\/2017\/11\/saglik_raporu-1024x706-e1511697033259-768x393.jpg 768w\" sizes=\"(max-width: 686px) 100vw, 686px\" \/><\/a><\/p>\n<p><strong>Ehliyet Raporu: <\/strong><\/p>\n<p>Yap\u0131lan fizik muayene sonucunda A2-B s\u0131n\u0131f\u0131 ehliyet raporlar\u0131 verilebilmektedir. Muayene bulgular\u0131na g\u00f6re gerekti\u011finde uzman hekime y\u00f6nlendirilmektedir. G\u00f6rme kusuru olanlar g\u00f6zl\u00fckle gelerek muayene olmak zorundad\u0131r. Ehliyet raporunda fotograf gerekti\u011fi i\u00e7in yan\u0131nda bir vesikal\u0131k resim getirmeleri (G\u00f6zl\u00fck kullananlarda resim de g\u00f6zl\u00fckl\u00fc olmal\u0131) gerekmektedir.<\/p>\n<p>&nbsp;<\/p>\n<p><strong>Yivsiz Av T\u00fcfe\u011fi Ruhsat\u0131 Raporu: <\/strong><\/p>\n<p>Ruh Sa\u011fl\u0131\u011f\u0131 y\u00f6n\u00fcnden sa\u011flam raporu olanlar\u0131n g\u00f6rme ve bedensel kusuru olmamak \u015fart\u0131yla rapor d\u00fczenlenmektedir.<\/p>\n<p>&nbsp;<\/p>\n<p><strong>Genel T\u0131bbi Durum Sa\u011fl\u0131k Raporu:<\/strong><\/p>\n<p>Okul, \u0130\u015fe giri\u015f, Y\u00fczme, Spor salonu gibi genel sa\u011fl\u0131k durumunu bildirir \u00f6zellikli olmayan raporlar d\u00fczenlenmektedir.<\/p>\n<p>&nbsp;<\/p>\n<p><strong>\u0130stirahat Raporu: <\/strong><\/p>\n<p>Rahats\u0131zl\u0131\u011f\u0131 nedeniyle g\u00f6revine veya okuluna devam edemeyecek derecede rahats\u0131z olanlara verilmektedir.<\/p>\n<p>&nbsp;<\/p>\n","protected":false},"excerpt":{"rendered":"<div class=\"mh-excerpt\"><p>Ehliyet Raporu: Yap\u0131lan fizik muayene sonucunda A2-B s\u0131n\u0131f\u0131 ehliyet raporlar\u0131 verilebilmektedir. Muayene bulgular\u0131na g\u00f6re gerekti\u011finde uzman hekime y\u00f6nlendirilmektedir. G\u00f6rme kusuru olanlar g\u00f6zl\u00fckle gelerek muayene olmak <a class=\"mh-excerpt-more\" href=\"http:\/\/www.erzincanfatihasm.com\/?page_id=100\" title=\"Sa\u011fl\u0131k Raporu\">[&#8230;]<\/a><\/p>\n<\/div>","protected":false},"author":1,"featured_media":0,"parent":0,"menu_order":0,"comment_status":"closed","ping_status":"closed","template":"","meta":{"footnotes":""},"class_list":["post-100","page","type-page","status-publish","hentry"],"_links":{"self":[{"href":"http:\/\/www.erzincanfatihasm.com\/index.php?rest_route=\/wp\/v2\/pages\/100"}],"collection":[{"href":"http:\/\/www.erzincanfatihasm.com\/index.php?rest_route=\/wp\/v2\/pages"}],"about":[{"href":"http:\/\/www.erzincanfatihasm.com\/index.php?rest_route=\/wp\/v2\/types\/page"}],"author":[{"embeddable":true,"href":"http:\/\/www.erzincanfatihasm.com\/index.php?rest_route=\/wp\/v2\/users\/1"}],"replies":[{"embeddable":true,"href":"http:\/\/www.erzincanfatihasm.com\/index.php?rest_route=%2Fwp%2Fv2%2Fcomments&post=100"}],"version-history":[{"count":4,"href":"http:\/\/www.erzincanfatihasm.com\/index.php?rest_route=\/wp\/v2\/pages\/100\/revisions"}],"predecessor-version":[{"id":220,"href":"http:\/\/www.erzincanfatihasm.com\/index.php?rest_route=\/wp\/v2\/pages\/100\/revisions\/220"}],"wp:attachment":[{"href":"http:\/\/www.erzincanfatihasm.com\/index.php?rest_route=%2Fwp%2Fv2%2Fmedia&parent=100"}],"curies":[{"name":"wp","href":"https:\/\/api.w.org\/{rel}","templated":true}]}}